{"id":2767,"date":"2023-06-23T00:30:41","date_gmt":"2023-06-22T15:30:41","guid":{"rendered":"https:\/\/office-tenon.com\/tenon-web\/?page_id=2767"},"modified":"2023-06-23T00:30:46","modified_gmt":"2023-06-22T15:30:46","slug":"starter-pack-planl-application","status":"publish","type":"page","link":"https:\/\/office-tenon.com\/tenon-web\/starter-pack-planl-application\/","title":{"rendered":"\u30b9\u30bf\u30fc\u30c8\u30d1\u30c3\u30af\u30d7\u30e9\u30f3\u304a\u7533\u3057\u8fbc\u307f\u30d5\u30a9\u30fc\u30e0"},"content":{"rendered":"\n<p><br>\u3066\u306e\u3093\u30a6\u30a7\u30d6\u306e\u30db\u30fc\u30e0\u30da\u30fc\u30b8\u5236\u4f5c\u300c\u30b9\u30bf\u30fc\u30c8\u30d1\u30c3\u30af\u30d7\u30e9\u30f3\u300d\u3092\u304a\u7533\u8fbc\u307f\u3044\u305f\u3060\u304d\u3042\u308a\u304c\u3068\u3046\u3054\u3056\u3044\u307e\u3059\u3002<br>\u304a\u7533\u3057\u8fbc\u307f\u3044\u305f\u3060\u304d\u307e\u3057\u305f\u5185\u5bb9\u3092\u78ba\u8a8d\u3044\u305f\u3057\u307e\u3057\u3066\u3001\u521d\u671f\u8cbb\u7528\u306e\u3054\u8acb\u6c42\u66f8\u3092\u767a\u884c\u3055\u305b\u3066\u3044\u305f\u3060\u304d\u307e\u3059\u3002<\/p>\n\n\n\n<p>\u304a\u7533\u8fbc\u307f\u6642\u306b\u3044\u305f\u3060\u304d\u307e\u3057\u305f\u5185\u5bb9\u306f\u3001\u5f0a\u793e\u306e\u63b2\u3052\u308b\u500b\u4eba\u60c5\u5831\u4fdd\u8b77\u65b9\u91dd\u306b\u6cbf\u3063\u3066\u7ba1\u7406\u3057\u3001\u304a\u5ba2\u69d8\u306e\u540c\u610f\u306a\u304f\u7b2c\u4e09\u8005\u306b\u958b\u793a\u30fb\u63d0\u4f9b\u3059\u308b\u3053\u3068\u306f\u3054\u3056\u3044\u307e\u305b\u3093\u3002<br>\u8a73\u7d30\u306b\u3064\u304d\u307e\u3057\u3066\u306f\u3001\u300c\u30d7\u30e9\u30a4\u30d0\u30b7\u30fc\u30dd\u30ea\u30b7\u30fc\u300d\u3092\u3054\u53c2\u7167\u304f\u3060\u3055\u3044\u3002 <\/p>\n\n\n\n\n<div class=\"wpcf7 no-js\" id=\"wpcf7-f2766-o1\" lang=\"ja\" dir=\"ltr\" data-wpcf7-id=\"2766\">\n<div class=\"screen-reader-response\"><p role=\"status\" aria-live=\"polite\" aria-atomic=\"true\"><\/p> <ul><\/ul><\/div>\n<form action=\"\/tenon-web\/wp-json\/wp\/v2\/pages\/2767#wpcf7-f2766-o1\" method=\"post\" class=\"wpcf7-form init\" aria-label=\"\u30b3\u30f3\u30bf\u30af\u30c8\u30d5\u30a9\u30fc\u30e0\" novalidate=\"novalidate\" data-status=\"init\">\n<fieldset class=\"hidden-fields-container\"><input type=\"hidden\" name=\"_wpcf7\" value=\"2766\" \/><input type=\"hidden\" name=\"_wpcf7_version\" value=\"6.1.5\" \/><input type=\"hidden\" name=\"_wpcf7_locale\" value=\"ja\" \/><input type=\"hidden\" name=\"_wpcf7_unit_tag\" value=\"wpcf7-f2766-o1\" \/><input type=\"hidden\" name=\"_wpcf7_container_post\" value=\"0\" \/><input type=\"hidden\" name=\"_wpcf7_posted_data_hash\" value=\"\" \/><input type=\"hidden\" name=\"_wpcf7_recaptcha_response\" value=\"\" \/>\n<\/fieldset>\n<table class=\"cf7-seminar\">\n\t<tr>\n\t\t<th>\n\t\t\t<p><span class=\"cf7-req\">\u5fc5\u9808<\/span>\u304a\u7533\u8fbc\u307f\u5185\u5bb9\n\t\t\t<\/p>\n\t\t<\/th>\n\t\t<td>\n\t\t\t<p><span class=\"wpcf7-form-control-wrap\" data-name=\"radio-order\"><span class=\"wpcf7-form-control wpcf7-radio\"><span class=\"wpcf7-list-item first\"><label><input type=\"radio\" name=\"radio-order\" value=\"\u65b0\u898f\u5236\u4f5c\" checked=\"checked\" \/><span class=\"wpcf7-list-item-label\">\u65b0\u898f\u5236\u4f5c<\/span><\/label><\/span><span class=\"wpcf7-list-item last\"><label><input type=\"radio\" name=\"radio-order\" value=\"\u30ea\u30cb\u30e5\u30fc\u30a2\u30eb\" \/><span class=\"wpcf7-list-item-label\">\u30ea\u30cb\u30e5\u30fc\u30a2\u30eb<\/span><\/label><\/span><\/span><\/span>\n\t\t\t<\/p>\n\t\t<\/td>\n\t<\/tr>\n\t<tr>\n\t\t<th>\n\t\t\t<p><span class=\"cf7-req\">\u5fc5\u9808<\/span>\u3054\u5e0c\u671b\u30c6\u30f3\u30d7\u30ec\u30fc\u30c8\n\t\t\t<\/p>\n\t\t<\/th>\n\t\t<td>\n\t\t\t<p><span class=\"wpcf7-form-control-wrap\" data-name=\"radio-seminar\"><span class=\"wpcf7-form-control wpcf7-radio\"><span class=\"wpcf7-list-item first\"><label><input type=\"radio\" name=\"radio-seminar\" value=\"\u30c7\u30b6\u30a4\u30f3_01\" checked=\"checked\" \/><span class=\"wpcf7-list-item-label\">\u30c7\u30b6\u30a4\u30f3_01<\/span><\/label><\/span><span class=\"wpcf7-list-item\"><label><input type=\"radio\" name=\"radio-seminar\" value=\"\u30c7\u30b6\u30a4\u30f3_02\" \/><span class=\"wpcf7-list-item-label\">\u30c7\u30b6\u30a4\u30f3_02<\/span><\/label><\/span><span class=\"wpcf7-list-item\"><label><input type=\"radio\" name=\"radio-seminar\" value=\"\u30c7\u30b6\u30a4\u30f3_03\" \/><span class=\"wpcf7-list-item-label\">\u30c7\u30b6\u30a4\u30f3_03<\/span><\/label><\/span><span class=\"wpcf7-list-item\"><label><input type=\"radio\" name=\"radio-seminar\" value=\"\u691c\u8a0e\u4e2d\" \/><span class=\"wpcf7-list-item-label\">\u691c\u8a0e\u4e2d<\/span><\/label><\/span><span class=\"wpcf7-list-item last\"><label><input type=\"radio\" name=\"radio-seminar\" value=\"\u76f8\u8ac7\u3057\u3066\u6c7a\u3081\u305f\u3044\" \/><span class=\"wpcf7-list-item-label\">\u76f8\u8ac7\u3057\u3066\u6c7a\u3081\u305f\u3044<\/span><\/label><\/span><\/span><\/span>\n\t\t\t<\/p>\n\t\t<\/td>\n\t<\/tr>\n\t<tr>\n\t\t<th>\n\t\t\t<p><span class=\"cf7-req\">\u5fc5\u9808<\/span>\u304a\u540d\u524d\n\t\t\t<\/p>\n\t\t<\/th>\n\t\t<td>\n\t\t\t<p><span class=\"wpcf7-form-control-wrap\" data-name=\"your-name\"><input size=\"40\" maxlength=\"400\" class=\"wpcf7-form-control wpcf7-text wpcf7-validates-as-required\" aria-required=\"true\" aria-invalid=\"false\" placeholder=\"\u4f8b\uff1a\u304a\u540d\u524d\" value=\"\" type=\"text\" name=\"your-name\" \/><\/span>\n\t\t\t<\/p>\n\t\t<\/td>\n\t<\/tr>\n\t<tr>\n\t\t<th>\n\t\t\t<p><span class=\"cf7-req\">\u5fc5\u9808<\/span>\u30d5\u30ea\u30ac\u30ca\n\t\t\t<\/p>\n\t\t<\/th>\n\t\t<td>\n\t\t\t<p><span class=\"wpcf7-form-control-wrap\" data-name=\"kana-name\"><input size=\"40\" maxlength=\"400\" class=\"wpcf7-form-control wpcf7-text wpcf7-validates-as-required\" aria-required=\"true\" aria-invalid=\"false\" placeholder=\"\u4f8b\uff1a\u30d5\u30ea\u30ac\u30ca\" value=\"\" type=\"text\" name=\"kana-name\" \/><\/span>\n\t\t\t<\/p>\n\t\t<\/td>\n\t<\/tr>\n\t<tr>\n\t\t<th>\n\t\t\t<p><span class=\"cf7-req\">\u5fc5\u9808<\/span>\u4e8b\u696d\u5f62\u614b\n\t\t\t<\/p>\n\t\t<\/th>\n\t\t<td>\n\t\t\t<p><span class=\"wpcf7-form-control-wrap\" data-name=\"radio-business\"><span class=\"wpcf7-form-control wpcf7-radio\"><span class=\"wpcf7-list-item first\"><label><input type=\"radio\" name=\"radio-business\" value=\"\u6cd5\u4eba\" checked=\"checked\" \/><span class=\"wpcf7-list-item-label\">\u6cd5\u4eba<\/span><\/label><\/span><span class=\"wpcf7-list-item last\"><label><input type=\"radio\" name=\"radio-business\" value=\"\u500b\u4eba\u4e8b\u696d\u4e3b\" \/><span class=\"wpcf7-list-item-label\">\u500b\u4eba\u4e8b\u696d\u4e3b<\/span><\/label><\/span><\/span><\/span>\n\t\t\t<\/p>\n\t\t<\/td>\n\t<\/tr>\n\t<tr>\n\t\t<th>\n\t\t\t<p><span class=\"cf7-unreq\">\u4efb\u610f<\/span>\u4f1a\u793e\u540d\u30fb\u5c4b\u53f7\n\t\t\t<\/p>\n\t\t<\/th>\n\t\t<td>\n\t\t\t<p><span class=\"wpcf7-form-control-wrap\" data-name=\"company\"><input size=\"40\" maxlength=\"400\" class=\"wpcf7-form-control wpcf7-text\" aria-invalid=\"false\" placeholder=\"\u4f8b\uff1a\u682a\u5f0f\u4f1a\u793e\u3007\u3007\u3007\" value=\"\" type=\"text\" name=\"company\" \/><\/span>\n\t\t\t<\/p>\n\t\t<\/td>\n\t<\/tr>\n\t<tr>\n\t\t<th>\n\t\t\t<p><span class=\"cf7-unreq\">\u4efb\u610f<\/span>\u4e8b\u696d\u5185\u5bb9\n\t\t\t<\/p>\n\t\t<\/th>\n\t\t<td>\n\t\t\t<p><span class=\"wpcf7-form-control-wrap\" data-name=\"content\"><input size=\"40\" maxlength=\"400\" class=\"wpcf7-form-control wpcf7-text\" aria-invalid=\"false\" placeholder=\"\u4f8b\uff1a\u696d\u7a2e\u306a\u3069\" value=\"\" type=\"text\" name=\"content\" \/><\/span>\n\t\t\t<\/p>\n\t\t<\/td>\n\t<\/tr>\n\t<tr>\n\t\t<th>\n\t\t\t<p><span class=\"cf7-req\">\u5fc5\u9808<\/span>\u30e1\u30fc\u30eb\u30a2\u30c9\u30ec\u30b9\n\t\t\t<\/p>\n\t\t<\/th>\n\t\t<td>\n\t\t\t<p><span class=\"wpcf7-form-control-wrap\" data-name=\"your-email\"><input size=\"40\" maxlength=\"400\" class=\"wpcf7-form-control wpcf7-email wpcf7-validates-as-required wpcf7-text wpcf7-validates-as-email\" aria-required=\"true\" aria-invalid=\"false\" placeholder=\"\u4f8b\uff1a\u00d7\u00d7\u00d7@\u00d7\u00d7\u00d7.com\" value=\"\" type=\"email\" name=\"your-email\" \/><\/span>\n\t\t\t<\/p>\n\t\t<\/td>\n\t<\/tr>\n\t<tr>\n\t\t<th>\n\t\t\t<p><span class=\"cf7-req\">\u5fc5\u9808<\/span>\u304a\u96fb\u8a71\u756a\u53f7\n\t\t\t<\/p>\n\t\t<\/th>\n\t\t<td>\n\t\t\t<p><span class=\"wpcf7-form-control-wrap\" data-name=\"your-tel\"><input size=\"40\" maxlength=\"400\" class=\"wpcf7-form-control wpcf7-text wpcf7-validates-as-required\" aria-required=\"true\" aria-invalid=\"false\" placeholder=\"\u4f8b\uff1a03-1234-5678\" value=\"\" type=\"text\" name=\"your-tel\" \/><\/span>\n\t\t\t<\/p>\n\t\t<\/td>\n\t<\/tr>\n\t<tr>\n\t\t<th>\n\t\t\t<p><span class=\"cf7-req\">\u5fc5\u9808<\/span>\u90f5\u4fbf\u756a\u53f7\n\t\t\t<\/p>\n\t\t<\/th>\n\t\t<td>\n\t\t\t<p><span class=\"wpcf7-form-control-wrap\" data-name=\"zip\"><input size=\"40\" maxlength=\"400\" class=\"wpcf7-form-control wpcf7-text wpcf7-validates-as-required\" id=\"zip\" aria-required=\"true\" aria-invalid=\"false\" placeholder=\"\u4f8b\uff1a123-4567\" value=\"\" type=\"text\" name=\"zip\" \/><\/span>\n\t\t\t<\/p>\n\t\t<\/td>\n\t<\/tr>\n\t<tr>\n\t\t<th>\n\t\t\t<p><span class=\"cf7-req\">\u5fc5\u9808<\/span>\u90fd\u9053\u5e9c\u770c\n\t\t\t<\/p>\n\t\t<\/th>\n\t\t<td>\n\t\t\t<p><span class=\"wpcf7-form-control-wrap\" data-name=\"pref\"><input size=\"40\" maxlength=\"400\" class=\"wpcf7-form-control wpcf7-text wpcf7-validates-as-required\" id=\"pref\" aria-required=\"true\" aria-invalid=\"false\" placeholder=\"\u4f8b\uff1a\u6771\u4eac\u90fd\" value=\"\" type=\"text\" name=\"pref\" \/><\/span>\n\t\t\t<\/p>\n\t\t<\/td>\n\t<\/tr>\n\t<tr>\n\t\t<th>\n\t\t\t<p><span class=\"cf7-req\">\u5fc5\u9808<\/span>\u3054\u4f4f\u6240\n\t\t\t<\/p>\n\t\t<\/th>\n\t\t<td class=\"address-100\">\n\t\t\t<p><span class=\"wpcf7-form-control-wrap\" data-name=\"addr\"><input size=\"40\" maxlength=\"400\" class=\"wpcf7-form-control wpcf7-text wpcf7-validates-as-required\" id=\"addr\" aria-required=\"true\" aria-invalid=\"false\" placeholder=\"\u4f8b\uff1a\u4e2d\u592e\u533a\u9280\u5ea7\uff11\uff12\uff13\" value=\"\" type=\"text\" name=\"addr\" \/><\/span>\n\t\t\t<\/p>\n\t\t<\/td>\n\t<\/tr>\n\t<tr>\n\t\t<th>\n\t\t\t<p><span class=\"cf7-unreq\">\u4efb\u610f<\/span>\u3054\u5e0c\u671b\u5b8c\u6210\u6642\u671f\n\t\t\t<\/p>\n\t\t<\/th>\n\t\t<td>\n\t\t\t<p><span class=\"wpcf7-form-control-wrap\" data-name=\"deadline\"><input size=\"40\" maxlength=\"400\" class=\"wpcf7-form-control wpcf7-text\" aria-invalid=\"false\" placeholder=\"\u3007\u6708\u3007\u65e5\u307e\u3067\u3001\u3007\u6708\u4e2d\u3001\u3054\u5e0c\u671b\u7d0d\u671f\u7b49\u3054\u3056\u3044\u307e\u3057\u305f\u3089\u3054\u8a18\u5165\u304f\u3060\u3055\u3044\" value=\"\" type=\"text\" name=\"deadline\" \/><\/span><br \/>\n\u203b\u304a\u7533\u8fbc\u307f\u65e5\u3088\u308a\u30017\u65e5\u4ee5\u5185\u306f\u3054\u6307\u5b9a\u3044\u305f\u3060\u3051\u307e\u305b\u3093\u3002\n\t\t\t<\/p>\n\t\t<\/td>\n\t<\/tr>\n\t<tr>\n\t\t<th>\n\t\t\t<p><span class=\"cf7-unreq\">\u4efb\u610f<\/span>\u3054\u5e0c\u671b\u30c9\u30e1\u30a4\u30f3\n\t\t\t<\/p>\n\t\t<\/th>\n\t\t<td>\n\t\t\t<p><span class=\"wpcf7-form-control-wrap\" data-name=\"domein\"><input size=\"40\" maxlength=\"400\" class=\"wpcf7-form-control wpcf7-text\" aria-invalid=\"false\" placeholder=\"starter-pack-planl.com\u3001\u691c\u8a0e\u4e2d\" value=\"\" type=\"text\" name=\"domein\" \/><\/span><br \/>\n\u203b\uff08.com\/.net\uff09\u306f\u7ba1\u7406\u8cbb\u7528\u306b\u542b\u307e\u308c\u3066\u304a\u308a\u307e\u3059\u3002<br \/>\n\u203b\u307e\u3060\u672a\u5b9a\u306e\u5834\u5408\u300c\u691c\u8a0e\u4e2d\u300d\u3068\u3054\u8a18\u5165\u304f\u3060\u3055\u3044<br \/>\n\u203b\u30db\u30fc\u30e0\u30da\u30fc\u30b8\u3092\u304a\u6301\u3061\u3067\u3057\u305f\u3089URL\u3092\u3054\u8a18\u5165\u304f\u3060\u3055\u3044\n\t\t\t<\/p>\n\t\t<\/td>\n\t<\/tr>\n\t<tr>\n\t\t<th>\n\t\t\t<p><span class=\"cf7-req\">\u5fc5\u9808<\/span>\u7ba1\u7406\u8cbb\u7528\u306e\u652f\u6255\u65b9\u6cd5\n\t\t\t<\/p>\n\t\t<\/th>\n\t\t<td>\n\t\t\t<p><span class=\"wpcf7-form-control-wrap\" data-name=\"radio-payment\"><span class=\"wpcf7-form-control wpcf7-radio\"><span class=\"wpcf7-list-item first\"><label><input type=\"radio\" name=\"radio-payment\" value=\"\u6708\u3005\u306e\u652f\u6255\uff08\u9280\u884c\u632f\u8fbc\uff09\" checked=\"checked\" \/><span class=\"wpcf7-list-item-label\">\u6708\u3005\u306e\u652f\u6255\uff08\u9280\u884c\u632f\u8fbc\uff09<\/span><\/label><\/span><span class=\"wpcf7-list-item last\"><label><input type=\"radio\" name=\"radio-payment\" value=\"\u5e74\u9593\u4e00\u62ec\u652f\u6255\u3044\uff08\u307e\u3068\u3081\u6255\u3044\uff09\" \/><span class=\"wpcf7-list-item-label\">\u5e74\u9593\u4e00\u62ec\u652f\u6255\u3044\uff08\u307e\u3068\u3081\u6255\u3044\uff09<\/span><\/label><\/span><\/span><\/span>\n\t\t\t<\/p>\n\t\t<\/td>\n\t<\/tr>\n\t<tr>\n\t\t<th>\n\t\t\t<p><span class=\"cf7-unreq\">\u4efb\u610f<\/span>\u3054\u8cea\u554f\u7b49\n\t\t\t<\/p>\n\t\t<\/th>\n\t\t<td class=\"message-100\">\n\t\t\t<p><span class=\"wpcf7-form-control-wrap\" data-name=\"your-message\"><textarea cols=\"40\" rows=\"10\" maxlength=\"2000\" class=\"wpcf7-form-control wpcf7-textarea\" aria-invalid=\"false\" placeholder=\"\u3054\u8cea\u554f\u3084\u30aa\u30d7\u30b7\u30e7\u30f3\u7b49\u3054\u5e0c\u671b\u306e\u5834\u5408\u306f\u3054\u8a18\u5165\u304f\u3060\u3055\u3044\" name=\"your-message\"><\/textarea><\/span>\n\t\t\t<\/p>\n\t\t<\/td>\n\t<\/tr>\n<\/table>\n<table class=\"cf7-seminar-policy\">\n\t<tr>\n\t\t<td>\n\t\t\t<p><b>\u500b\u4eba\u60c5\u5831\u306e\u53d6\u308a\u6271\u3044\u306b\u3064\u3044\u3066<\/b>\n\t\t\t<\/p>\n\t\t<\/td>\n\t<\/tr>\n\t<tr>\n\t\t<td>\n\t\t\t<div class=\"privacy-box\">\n\t\t\t\t<p><br \/>\n\u3010\u30d7\u30e9\u30a4\u30d0\u30b7\u30fc\u30dd\u30ea\u30b7\u30fc\u3011\n\t\t\t\t<\/p>\n\t\t\t\t<p>TENON-WEB\uff08\u3066\u306e\u3093\u30a6\u30a7\u30d6\uff09\u3067\u306f\u3001\u304a\u5ba2\u3055\u307e\u306e\u500b\u4eba\u60c5\u5831\u3092\u9069\u5207\u306b\u53d6\u308a\u6271\u3044\u3001\u4fdd\u8b77\u3059\u308b\u70ba\u3001\u4ee5\u4e0b\u306e\u30dd\u30ea\u30b7\u30fc\u306b\u57fa\u3065\u3044\u3066\u884c\u52d5\u3044\u305f\u3057\u307e\u3059\u3002\n\t\t\t\t<\/p>\n\t\t\t\t<p>\u7686\u69d8\u3078\u5b89\u5fc3\u30fb\u5b89\u5168\u30fb\u4fe1\u983c\u306e\u30b5\u30fc\u30d3\u30b9\u3092\u63d0\u4f9b\u3057\u3066\u3044\u304f\u305f\u3081\u3001\u4ee5\u4e0b\u306e\u3088\u3046\u306a\u57fa\u672c\u65b9\u91dd\u3092\u5b9a\u3081\u9075\u5b88\u3057\u3066\u3044\u307e\u3059\u3002\n\t\t\t\t<\/p>\n\t\t\t\t<p>TENON-WEB\uff08\u3066\u306e\u3093\u30a6\u30a7\u30d6\uff09\uff08\u4ee5\u4e0b\u3001\u300c\u5f53\u793e\u300d\u3068\u3044\u3044\u307e\u3059\u3002\uff09\u306f\u3001\u672c\u30a6\u30a7\u30d6\u30b5\u30a4\u30c8\u4e0a\u3067\u63d0\u4f9b\u3059\u308b\u30b5\u30fc\u30d3\u30b9\uff08\u4ee5\u4e0b\u3001\u300c\u672c\u30b5\u30fc\u30d3\u30b9\u300d\u3068\u3044\u3044\u307e\u3059\u3002\uff09\u306b\u304a\u3051\u308b\u3001\u30e6\u30fc\u30b6\u30fc\u306e\u500b\u4eba\u60c5\u5831\u306e\u53d6\u6271\u3044\u306b\u3064\u3044\u3066\u3001\u4ee5\u4e0b\u306e\u3068\u304a\u308a\u30d7\u30e9\u30a4\u30d0\u30b7\u30fc\u30dd\u30ea\u30b7\u30fc\uff08\u4ee5\u4e0b\u3001\u300c\u672c\u30dd\u30ea\u30b7\u30fc\u300d\u3068\u3044\u3044\u307e\u3059\u3002\uff09\u3092\u5b9a\u3081\u307e\u3059\u3002\n\t\t\t\t<\/p>\n\t\t\t\t<p>\u3010\u500b\u4eba\u60c5\u5831\u306e\u53d6\u308a\u6271\u3044\u306b\u95a2\u3059\u308b\u65b9\u91dd\u3011\n\t\t\t\t<\/p>\n\t\t\t\t<p>\u5f53\u793e\u306e\u30a6\u30a7\u30d6\u30b5\u30a4\u30c8\uff08\u4ee5\u4e0b\u3001\u300c\u5f53\u30b5\u30a4\u30c8\u300d\uff09\u306b\u304a\u3051\u308b\u3054\u6ce8\u6587\u3001\u306a\u3069\u306b\u6c0f\u540d\u3001\u4f4f\u6240\u3001\u96fb\u5b50\u30e1\u30fc\u30eb\u30a2\u30c9\u30ec\u30b9\u306a\u3069\u306e\u500b\u4eba\u60c5\u5831\u3092\u767b\u9332\u3057\u3066\u3044\u305f\u3060\u304f\u5834\u5408\u3001\u305d\u306e\u53d6\u6271\u3044\u3001\u4fdd\u8b77\u306f\u6975\u3081\u3066\u91cd\u8981\u3067\u3042\u308b\u3068\u8a8d\u8b58\u3057\u3066\u304a\u308a\u307e\u3059\u3002\n\t\t\t\t<\/p>\n\t\t\t\t<p>\u5f53\u793e\u306e\u500b\u4eba\u60c5\u5831\u306e\u5229\u7528\u76ee\u7684\u306f\u3001\u30a6\u30a7\u30d6\u30b5\u30a4\u30c8\u306e\u30b5\u30fc\u30d3\u30b9\u5411\u4e0a\u3084\u65b0\u30b5\u30fc\u30d3\u30b9\u958b\u767a\u3001\u7d71\u8a08\u30c7\u30fc\u30bf\u306e\u4f5c\u6210\u306b\u3042\u305f\u308a\u500b\u4eba\u60c5\u5831\u3092\u5229\u7528\u3059\u308b\u5834\u5408\u304c\u3054\u3056\u3044\u307e\u3059\u3002\n\t\t\t\t<\/p>\n\t\t\t\t<p>\u305d\u306e\u969b\u306f\u3001\u6cd5\u5f8b\u3067\u8a8d\u3081\u3089\u308c\u3066\u3044\u308b\u5834\u5408\u3068\u4e88\u3081\u3054\u672c\u4eba\u306e\u4e86\u627f\u3092\u5f97\u3066\u3044\u308b\u5834\u5408\u3092\u9664\u304d\u3001\u304a\u5ba2\u69d8\u306e\u500b\u4eba\u60c5\u5831\u3092\u7b2c\u4e09\u8005\u306b\u63d0\u4f9b\u307e\u305f\u306f\u958b\u793a\u3059\u308b\u3053\u3068\u306f\u3042\u308a\u307e\u305b\u3093\u3002\n\t\t\t\t<\/p>\n\t\t\t\t<p>\u3010\u7b2c\u4e09\u8005\u63d0\u4f9b\u306e\u5236\u9650\u3011\n\t\t\t\t<\/p>\n\t\t\t\t<p>\u5f53\u793e\u306f\u3001\u304a\u5ba2\u69d8\u306e\u3054\u627f\u8afe\u304c\u306a\u3044\u9650\u308a\u53ce\u96c6\u3057\u305f\u500b\u4eba\u60c5\u5831\u3092\u7b2c\u4e09\u8005\u306b\u63d0\u4f9b\u3044\u305f\u3057\u307e\u305b\u3093\u3002\n\t\t\t\t<\/p>\n\t\t\t\t<p>\u3010\u500b\u4eba\u60c5\u5831\u306e\u7ba1\u7406\u3011\n\t\t\t\t<\/p>\n\t\t\t\t<p>\u53ce\u96c6\u3057\u305f\u500b\u4eba\u60c5\u5831\u306f\u3001\u53b3\u6b63\u306a\u7ba1\u7406\u4e0b\u3067\u5b89\u5168\u306b\u53d6\u308a\u6271\u3044\u307e\u3059\u3002\n\t\t\t\t<\/p>\n\t\t\t\t<p>\u3010\u304a\u554f\u3044\u5408\u308f\u305b\u3011\n\t\t\t\t<\/p>\n\t\t\t\t<p>\u5f53\u793e\u306b\u304a\u3051\u308b\u500b\u4eba\u60c5\u5831\u4fdd\u8b77\u306b\u95a2\u3057\u3066\u3054\u8cea\u554f\u306a\u3069\u304c\u3042\u308b\u5834\u5408\u306b\u306f\u3001\u304a\u554f\u3044\u5408\u305b\u30d5\u30a9\u30fc\u30e0\u3088\u308a\u3054\u9023\u7d61\u304f\u3060\u3055\u3044\u3002\n\t\t\t\t<\/p>\n\t\t\t<\/div>\n\t\t<\/td>\n\t<\/tr>\n\t<tr>\n\t\t<th>\n\t\t\t<p><span class=\"cf7-req\">\u5fc5\u9808<\/span>\u500b\u4eba\u60c5\u5831\u306e\u53d6\u6271\u3044\u306b\u540c\u610f\u3059\u308b<span class=\"wpcf7-form-control-wrap\" data-name=\"acceptance\"><span class=\"wpcf7-form-control wpcf7-acceptance\"><span class=\"wpcf7-list-item\"><input type=\"checkbox\" name=\"acceptance\" value=\"1\" aria-invalid=\"false\" \/><\/span><\/span><\/span>\n\t\t\t<\/p>\n\t\t<\/th>\n\t<\/tr>\n<\/table>\n<p class=\"cf7-btn\"><input class=\"wpcf7-form-control wpcf7-submit has-spinner\" type=\"submit\" value=\"\u9001\u4fe1\u3059\u308b\" \/>\n<\/p><div class=\"wpcf7-response-output\" aria-hidden=\"true\"><\/div>\n<\/form>\n<\/div>\n\n","protected":false},"excerpt":{"rendered":"<p>\u3066\u306e\u3093\u30a6\u30a7\u30d6\u306e\u30db\u30fc\u30e0\u30da\u30fc\u30b8\u5236\u4f5c\u300c\u30b9\u30bf\u30fc\u30c8\u30d1\u30c3\u30af\u30d7\u30e9\u30f3\u300d\u3092\u304a\u7533\u8fbc\u307f\u3044\u305f\u3060\u304d\u3042\u308a\u304c\u3068\u3046\u3054\u3056\u3044\u307e\u3059\u3002\u304a\u7533\u3057\u8fbc\u307f\u3044\u305f\u3060\u304d\u307e\u3057\u305f\u5185\u5bb9\u3092\u78ba\u8a8d\u3044\u305f\u3057\u307e\u3057\u3066\u3001\u521d\u671f\u8cbb\u7528\u306e\u3054\u8acb\u6c42\u66f8\u3092\u767a\u884c\u3055\u305b\u3066\u3044\u305f\u3060\u304d\u307e\u3059\u3002 \u304a\u7533\u8fbc\u307f\u6642\u306b\u3044\u305f\u3060\u304d\u307e\u3057\u305f\u5185\u5bb9\u306f [&hellip;]<\/p>\n","protected":false},"author":8,"featured_media":3077,"parent":0,"menu_order":3,"comment_status":"closed","ping_status":"closed","template":"page-onecolumn.php","meta":{"footnotes":""},"class_list":["post-2767","page","type-page","status-publish","has-post-thumbnail","hentry"],"_links":{"self":[{"href":"https:\/\/office-tenon.com\/tenon-web\/wp-json\/wp\/v2\/pages\/2767","targetHints":{"allow":["GET"]}}],"collection":[{"href":"https:\/\/office-tenon.com\/tenon-web\/wp-json\/wp\/v2\/pages"}],"about":[{"href":"https:\/\/office-tenon.com\/tenon-web\/wp-json\/wp\/v2\/types\/page"}],"author":[{"embeddable":true,"href":"https:\/\/office-tenon.com\/tenon-web\/wp-json\/wp\/v2\/users\/8"}],"replies":[{"embeddable":true,"href":"https:\/\/office-tenon.com\/tenon-web\/wp-json\/wp\/v2\/comments?post=2767"}],"version-history":[{"count":4,"href":"https:\/\/office-tenon.com\/tenon-web\/wp-json\/wp\/v2\/pages\/2767\/revisions"}],"predecessor-version":[{"id":2828,"href":"https:\/\/office-tenon.com\/tenon-web\/wp-json\/wp\/v2\/pages\/2767\/revisions\/2828"}],"wp:featuredmedia":[{"embeddable":true,"href":"https:\/\/office-tenon.com\/tenon-web\/wp-json\/wp\/v2\/media\/3077"}],"wp:attachment":[{"href":"https:\/\/office-tenon.com\/tenon-web\/wp-json\/wp\/v2\/media?parent=2767"}],"curies":[{"name":"wp","href":"https:\/\/api.w.org\/{rel}","templated":true}]}}